{"id":18259,"date":"2023-10-10T11:53:37","date_gmt":"2023-10-10T09:53:37","guid":{"rendered":"https:\/\/kwiatyimiut.pl\/?page_id=18259"},"modified":"2023-10-19T17:06:21","modified_gmt":"2023-10-19T15:06:21","slug":"stodola","status":"publish","type":"page","link":"https:\/\/kwiatyimiut.pl\/en\/stodola\/","title":{"rendered":"Stodo\u0142a"},"content":{"rendered":"<p style=\"text-align: center;\">Szukasz miejsca na zorganizowanie kolacji, lub kameralnego wesela?<br \/>\nA mo\u017ce szukasz miejsca do sesji zdj\u0119ciowej w kwiatach?<br \/>\nDysponujemy stodo\u0142\u0105 o powierzchni 88 m2 w miejscowo\u015bci Wysoczka k. Buku 25 km od Poznania.<br \/>\nIstnieje mo\u017cliwo\u015b\u0107 przy\u0142\u0105czenia namiotu o powierzchni 45 m2 (5 x 9 m) do szczytu stodo\u0142y.<br \/>\nObok stodo\u0142y znajduje si\u0119 sad z miejscem na ognisko.<\/p>\n<p style=\"text-align: center;\"><a href=\"https:\/\/kwiatyimiut.pl\/wp-content\/uploads\/2023\/10\/farma_wynajem_net_ok2a.jpg\"><img fetchpriority=\"high\" decoding=\"async\" class=\"aligncenter size-full wp-image-18399\" src=\"https:\/\/kwiatyimiut.pl\/wp-content\/uploads\/2023\/10\/farma_wynajem_net_ok2a.jpg\" alt=\"\" width=\"1025\" height=\"1340\" srcset=\"https:\/\/kwiatyimiut.pl\/wp-content\/uploads\/2023\/10\/farma_wynajem_net_ok2a.jpg 1025w, https:\/\/kwiatyimiut.pl\/wp-content\/uploads\/2023\/10\/farma_wynajem_net_ok2a-229x300.jpg 229w, https:\/\/kwiatyimiut.pl\/wp-content\/uploads\/2023\/10\/farma_wynajem_net_ok2a-783x1024.jpg 783w, https:\/\/kwiatyimiut.pl\/wp-content\/uploads\/2023\/10\/farma_wynajem_net_ok2a-768x1004.jpg 768w, https:\/\/kwiatyimiut.pl\/wp-content\/uploads\/2023\/10\/farma_wynajem_net_ok2a-9x12.jpg 9w, https:\/\/kwiatyimiut.pl\/wp-content\/uploads\/2023\/10\/farma_wynajem_net_ok2a-840x1098.jpg 840w\" sizes=\"(max-width: 1025px) 100vw, 1025px\" \/><\/a><img decoding=\"async\" class=\"aligncenter size-large wp-image-18320\" src=\"https:\/\/kwiatyimiut.pl\/wp-content\/uploads\/2023\/10\/farma_wynajem_net_2-1024x618.jpg\" alt=\"\" width=\"1024\" height=\"618\" srcset=\"https:\/\/kwiatyimiut.pl\/wp-content\/uploads\/2023\/10\/farma_wynajem_net_2-1024x618.jpg 1024w, https:\/\/kwiatyimiut.pl\/wp-content\/uploads\/2023\/10\/farma_wynajem_net_2-300x181.jpg 300w, https:\/\/kwiatyimiut.pl\/wp-content\/uploads\/2023\/10\/farma_wynajem_net_2-768x464.jpg 768w, https:\/\/kwiatyimiut.pl\/wp-content\/uploads\/2023\/10\/farma_wynajem_net_2-1536x928.jpg 1536w, https:\/\/kwiatyimiut.pl\/wp-content\/uploads\/2023\/10\/farma_wynajem_net_2-2048x1237.jpg 2048w, https:\/\/kwiatyimiut.pl\/wp-content\/uploads\/2023\/10\/farma_wynajem_net_2-18x12.jpg 18w, https:\/\/kwiatyimiut.pl\/wp-content\/uploads\/2023\/10\/farma_wynajem_net_2-840x507.jpg 840w\" sizes=\"(max-width: 1024px) 100vw, 1024px\" \/>Je\u015bli masz jakiekolwiek pytania dotycz\u0105ce naszej oferty napisz do nas:<a href=\"mailto:biuro@kwiatyimiut.pl\"> <strong>biuro@kwiatyimiut.pl<\/strong><\/a><\/p>","protected":false},"excerpt":{"rendered":"<p>Szukasz miejsca na zorganizowanie kolacji, lub kameralnego wesela? A mo\u017ce szukasz miejsca do sesji zdj\u0119ciowej w kwiatach? Dysponujemy stodo\u0142\u0105 o powierzchni 88 m2 w miejscowo\u015bci Wysoczka k. Buku 25 km&hellip;<\/p>","protected":false},"author":2,"featured_media":0,"parent":0,"menu_order":0,"comment_status":"closed","ping_status":"closed","template":"","meta":{"footnotes":""},"class_list":["post-18259","page","type-page","status-publish","hentry"],"_links":{"self":[{"href":"https:\/\/kwiatyimiut.pl\/en\/wp-json\/wp\/v2\/pages\/18259","targetHints":{"allow":["GET"]}}],"collection":[{"href":"https:\/\/kwiatyimiut.pl\/en\/wp-json\/wp\/v2\/pages"}],"about":[{"href":"https:\/\/kwiatyimiut.pl\/en\/wp-json\/wp\/v2\/types\/page"}],"author":[{"embeddable":true,"href":"https:\/\/kwiatyimiut.pl\/en\/wp-json\/wp\/v2\/users\/2"}],"replies":[{"embeddable":true,"href":"https:\/\/kwiatyimiut.pl\/en\/wp-json\/wp\/v2\/comments?post=18259"}],"version-history":[{"count":0,"href":"https:\/\/kwiatyimiut.pl\/en\/wp-json\/wp\/v2\/pages\/18259\/revisions"}],"wp:attachment":[{"href":"https:\/\/kwiatyimiut.pl\/en\/wp-json\/wp\/v2\/media?parent=18259"}],"curies":[{"name":"wp","href":"https:\/\/api.w.org\/{rel}","templated":true}]}}

Stodoła

<p style="text-align: center;">Szukasz miejsca na zorganizowanie kolacji, lub kameralnego wesela?<br />
A może szukasz miejsca do sesji zdjęciowej w kwiatach?<br />
Dysponujemy stodołą o powierzchni 88 m2 w miejscowości Wysoczka k. Buku 25 km od Poznania.<br />
Istnieje możliwość przyłączenia namiotu o powierzchni 45 m2 (5 x 9 m) do szczytu stodoły.<br />
Obok stodoły znajduje się sad z miejscem na ognisko.</p>
<p style="text-align: center;"><a href="https://kwiatyimiut.pl/wp-content/uploads/2023/10/farma_wynajem_net_ok2a.jpg"><img fetchpriority="high" decoding="async" class="aligncenter size-full wp-image-18399" src="https://kwiatyimiut.pl/wp-content/uploads/2023/10/farma_wynajem_net_ok2a.jpg" alt="" width="1025" height="1340" srcset="https://kwiatyimiut.pl/wp-content/uploads/2023/10/farma_wynajem_net_ok2a.jpg 1025w, https://kwiatyimiut.pl/wp-content/uploads/2023/10/farma_wynajem_net_ok2a-229x300.jpg 229w, https://kwiatyimiut.pl/wp-content/uploads/2023/10/farma_wynajem_net_ok2a-783x1024.jpg 783w, https://kwiatyimiut.pl/wp-content/uploads/2023/10/farma_wynajem_net_ok2a-768x1004.jpg 768w, https://kwiatyimiut.pl/wp-content/uploads/2023/10/farma_wynajem_net_ok2a-9x12.jpg 9w, https://kwiatyimiut.pl/wp-content/uploads/2023/10/farma_wynajem_net_ok2a-840x1098.jpg 840w" sizes="(max-width: 1025px) 100vw, 1025px" /></a><img decoding="async" class="aligncenter size-large wp-image-18320" src="https://kwiatyimiut.pl/wp-content/uploads/2023/10/farma_wynajem_net_2-1024x618.jpg" alt="" width="1024" height="618" srcset="https://kwiatyimiut.pl/wp-content/uploads/2023/10/farma_wynajem_net_2-1024x618.jpg 1024w, https://kwiatyimiut.pl/wp-content/uploads/2023/10/farma_wynajem_net_2-300x181.jpg 300w, https://kwiatyimiut.pl/wp-content/uploads/2023/10/farma_wynajem_net_2-768x464.jpg 768w, https://kwiatyimiut.pl/wp-content/uploads/2023/10/farma_wynajem_net_2-1536x928.jpg 1536w, https://kwiatyimiut.pl/wp-content/uploads/2023/10/farma_wynajem_net_2-2048x1237.jpg 2048w, https://kwiatyimiut.pl/wp-content/uploads/2023/10/farma_wynajem_net_2-18x12.jpg 18w, https://kwiatyimiut.pl/wp-content/uploads/2023/10/farma_wynajem_net_2-840x507.jpg 840w" sizes="(max-width: 1024px) 100vw, 1024px" />Jeśli masz jakiekolwiek pytania dotyczące naszej oferty napisz do nas:<a href="mailto:biuro@kwiatyimiut.pl"> <strong>biuro@kwiatyimiut.pl</strong></a></p>

<p>Szukasz miejsca na zorganizowanie kolacji, lub kameralnego wesela? A może szukasz miejsca do sesji zdjęciowej w kwiatach? Dysponujemy stodołą o powierzchni 88 m2 w miejscowości Wysoczka k. Buku 25 km&hellip;</p>
